{"id":573,"date":"2020-04-13T12:16:29","date_gmt":"2020-04-13T12:16:29","guid":{"rendered":"https:\/\/verslopagreitis.blog.lt.verslopagreitis.lt\/business\/?page_id=573"},"modified":"2025-01-05T15:15:57","modified_gmt":"2025-01-05T13:15:57","slug":"musu-didziausi-klientai","status":"publish","type":"page","link":"https:\/\/verslopagreitis.lt\/?page_id=573","title":{"rendered":"M\u016bs\u0173 patirtis"},"content":{"rendered":"\t\t<div data-elementor-type=\"wp-page\" data-elementor-id=\"573\" class=\"elementor elementor-573\">\n\t\t\t\t\t\t<div class=\"elementor-inner\">\n\t\t\t\t<div class=\"elementor-section-wrap\">\n\t\t\t\t\t\t\t\t\t<section class=\"elementor-section elementor-top-section elementor-element elementor-element-bcf44c2 elementor-section-boxed elementor-section-height-default elementor-section-height-default\" data-id=\"bcf44c2\" data-element_type=\"section\">\n\t\t\t\t\t\t<div class=\"elementor-container elementor-column-gap-default\">\n\t\t\t\t\t\t\t<div class=\"elementor-row\">\n\t\t\t\t\t<div class=\"elementor-column elementor-col-100 elementor-top-column elementor-element elementor-element-a77b512\" data-id=\"a77b512\" data-element_type=\"column\">\n\t\t\t<div class=\"elementor-column-wrap elementor-element-populated\">\n\t\t\t\t\t\t\t<div class=\"elementor-widget-wrap\">\n\t\t\t\t\t\t<div class=\"elementor-element elementor-element-368f9a5 elementor-widget elementor-widget-text-editor\" data-id=\"368f9a5\" data-element_type=\"widget\" data-widget_type=\"text-editor.default\">\n\t\t\t\t<div class=\"elementor-widget-container\">\n\t\t\t\t\t\t\t\t<div class=\"elementor-text-editor elementor-clearfix\">\n\t\t\t\t<p><a href=\"https:\/\/verslopagreitis.lt\/?page_id=910\"><img loading=\"lazy\" class=\"alignleft wp-image-922\" src=\"https:\/\/verslopagreitis.lt\/wp-content\/uploads\/2020\/04\/doctor-medical-medicine-563429-e1588231763681-300x300.jpg\" alt=\"doctor, medical, medicine\" width=\"211\" height=\"211\" srcset=\"https:\/\/verslopagreitis.lt\/wp-content\/uploads\/2020\/04\/doctor-medical-medicine-563429-e1588231763681-300x300.jpg 300w, https:\/\/verslopagreitis.lt\/wp-content\/uploads\/2020\/04\/doctor-medical-medicine-563429-e1588231763681-150x150.jpg 150w, https:\/\/verslopagreitis.lt\/wp-content\/uploads\/2020\/04\/doctor-medical-medicine-563429-e1588231763681-768x768.jpg 768w, https:\/\/verslopagreitis.lt\/wp-content\/uploads\/2020\/04\/doctor-medical-medicine-563429-e1588231763681.jpg 854w\" sizes=\"(max-width: 211px) 100vw, 211px\" \/><\/a><a href=\"https:\/\/verslopagreitis.lt\/?page_id=910\">\u012estaig\u0173, kurioms parengti ASP\u012e dokumentai,\u00a0 gautos asmens sveikatos prie\u017ei\u016bros,\u00a0 socialin\u0117s globos licencijos bei leidimai higienos pasai, s\u0105ra\u0161as<\/a><\/p>\t\t\t\t\t<\/div>\n\t\t\t\t\t\t<\/div>\n\t\t\t\t<\/div>\n\t\t\t\t\t\t<\/div>\n\t\t\t\t\t<\/div>\n\t\t<\/div>\n\t\t\t\t\t\t\t\t<\/div>\n\t\t\t\t\t<\/div>\n\t\t<\/section>\n\t\t\t\t\t\t\t\t\t<\/div>\n\t\t\t<\/div>\n\t\t\t\t\t<\/div>\n\t\t","protected":false},"excerpt":{"rendered":"<p>\u012estaig\u0173, kurioms parengti ASP\u012e dokumentai,\u00a0 gautos asmens sveikatos prie\u017ei\u016bros,\u00a0 socialin\u0117s globos licencijos bei leidimai higienos pasai, s\u0105ra\u0161as<\/p>\n","protected":false},"author":1,"featured_media":0,"parent":0,"menu_order":0,"comment_status":"closed","ping_status":"closed","template":"","meta":{"site-sidebar-layout":"no-sidebar","site-content-layout":"default","ast-global-header-display":"","ast-main-header-display":"","ast-hfb-above-header-display":"","ast-hfb-below-header-display":"","ast-hfb-mobile-header-display":"","site-post-title":"","ast-breadcrumbs-content":"","ast-featured-img":"","footer-sml-layout":"","theme-transparent-header-meta":"default","adv-header-id-meta":"","stick-header-meta":"","header-above-stick-meta":"","header-main-stick-meta":"","header-below-stick-meta":""},"_links":{"self":[{"href":"https:\/\/verslopagreitis.lt\/index.php?rest_route=\/wp\/v2\/pages\/573"}],"collection":[{"href":"https:\/\/verslopagreitis.lt\/index.php?rest_route=\/wp\/v2\/pages"}],"about":[{"href":"https:\/\/verslopagreitis.lt\/index.php?rest_route=\/wp\/v2\/types\/page"}],"author":[{"embeddable":true,"href":"https:\/\/verslopagreitis.lt\/index.php?rest_route=\/wp\/v2\/users\/1"}],"replies":[{"embeddable":true,"href":"https:\/\/verslopagreitis.lt\/index.php?rest_route=%2Fwp%2Fv2%2Fcomments&post=573"}],"version-history":[{"count":29,"href":"https:\/\/verslopagreitis.lt\/index.php?rest_route=\/wp\/v2\/pages\/573\/revisions"}],"predecessor-version":[{"id":1182,"href":"https:\/\/verslopagreitis.lt\/index.php?rest_route=\/wp\/v2\/pages\/573\/revisions\/1182"}],"wp:attachment":[{"href":"https:\/\/verslopagreitis.lt\/index.php?rest_route=%2Fwp%2Fv2%2Fmedia&parent=573"}],"curies":[{"name":"wp","href":"https:\/\/api.w.org\/{rel}","templated":true}]}}