{"id":563,"date":"2020-04-13T11:46:05","date_gmt":"2020-04-13T11:46:05","guid":{"rendered":"https:\/\/verslopagreitis.blog.lt.verslopagreitis.lt\/business\/?page_id=563"},"modified":"2020-04-19T08:47:23","modified_gmt":"2020-04-19T06:47:23","slug":"gaminamu-medicinos-prietaisu-dantu-protezu-registravimas","status":"publish","type":"page","link":"https:\/\/verslopagreitis.lt\/?page_id=563","title":{"rendered":"\u00a0Gaminam\u0173 medicinos prietais\u0173 (dant\u0173 protez\u0173) registravimas"},"content":{"rendered":"\t\t<div data-elementor-type=\"wp-page\" data-elementor-id=\"563\" class=\"elementor elementor-563\">\n\t\t\t\t\t\t<div class=\"elementor-inner\">\n\t\t\t\t<div class=\"elementor-section-wrap\">\n\t\t\t\t\t\t\t\t\t<section class=\"elementor-section elementor-top-section elementor-element elementor-element-55ddb8ce elementor-section-boxed elementor-section-height-default elementor-section-height-default\" data-id=\"55ddb8ce\" data-element_type=\"section\">\n\t\t\t\t\t\t<div class=\"elementor-container elementor-column-gap-default\">\n\t\t\t\t\t\t\t<div class=\"elementor-row\">\n\t\t\t\t\t<div class=\"elementor-column elementor-col-100 elementor-top-column elementor-element elementor-element-166f6b91\" data-id=\"166f6b91\" data-element_type=\"column\">\n\t\t\t<div class=\"elementor-column-wrap elementor-element-populated\">\n\t\t\t\t\t\t\t<div class=\"elementor-widget-wrap\">\n\t\t\t\t\t\t<div class=\"elementor-element elementor-element-321fb417 elementor-widget elementor-widget-text-editor\" data-id=\"321fb417\" data-element_type=\"widget\" data-widget_type=\"text-editor.default\">\n\t\t\t\t<div class=\"elementor-widget-container\">\n\t\t\t\t\t\t\t\t<div class=\"elementor-text-editor elementor-clearfix\">\n\t\t\t\t<p><!-- wp:image {\"id\":564,\"sizeSlug\":\"large\"} --><\/p>\n<figure class=\"wp-block-image size-large\"><img loading=\"lazy\" class=\"wp-image-564 alignright\" src=\"http:\/\/verslopagreitis.lt\/wp-content\/uploads\/2020\/04\/dentist-dental-care-dentistry-2530990-1024x680.jpg\" alt=\"dentist, dental care, dentistry\" width=\"300\" height=\"199\" \/><\/figure>\n<p><!-- \/wp:image --><!-- wp:paragraph --><\/p>\n<p>Asmenys (fiziniai, arba juridiniai) gali teikti rinkai medicinos priemones tik jas \u012fregistrav\u0119 pagal Teikiam\u0173 rinkai medicinos priemoni\u0173 (prietais\u0173), registravimo tvarkos apra\u0161\u0105, patv. Valstybin\u0117s akreditavimo tarnybos sveikatos prie\u017ei\u016bros veiklai pie Sveikatos ministerijos (VASPVT) direktoriaus 2016 m. baland\u017eio 13 d. \u012fsakymu Nr. T1-568 (nauja redakcija)\u00a0 ir gav\u0119 ra\u0161ti\u0161k\u0105 VASPVT patvirtinim\u0105 d\u0117l \u0161i\u0173 medicinos priemoni\u0173 \u012fregistravimo ir registracijos numeri\u0173 suteikimo.<\/p>\n<p>M\u016bs\u0173 \u012fmon\u0117s patyr\u0119 darbuotojai gali labai operatyviai parengti visus reikalingus dokumentus dant\u0173 technik\u0173 laboratorijoms, ortopedijos \u012fmon\u0117ms, siekian\u010dioms \u012fregistruoti gaminam\u0173 dant\u0173 protez\u0173 ir kit\u0173 medicinos priemoni\u0173 r\u016b\u0161is. Dokumentus pateikiame VASPVT kuri, baigus registracij\u0105, klientui i\u0161duoda medicinos priemoni\u0173 r\u016b\u0161i\u0173 registravimo pa\u017eym\u0117jim\u0105. Gaminam\u0173 dant\u0173 protez\u0173 ir kit\u0173 medicinos priemoni\u0173 r\u016b\u0161i\u0173 registracija yra b\u016btina \u012fgyvendinant licencijuotos veiklos s\u0105lygas, kuri\u0173 prie\u017ei\u016br\u0105 atlieka Valstybin\u0117 akreditavimo sveikatos prie\u017ei\u016bros veiklai tarnyba prie Sveikatos apsaugos ministerijos.<\/p>\n<p><!-- \/wp:paragraph --><\/p>\t\t\t\t\t<\/div>\n\t\t\t\t\t\t<\/div>\n\t\t\t\t<\/div>\n\t\t\t\t<div class=\"elementor-element elementor-element-a32b4a2 elementor-widget elementor-widget-text-editor\" data-id=\"a32b4a2\" data-element_type=\"widget\" data-widget_type=\"text-editor.default\">\n\t\t\t\t<div class=\"elementor-widget-container\">\n\t\t\t\t\t\t\t\t<div class=\"elementor-text-editor elementor-clearfix\">\n\t\t\t\t<p><!-- wp:image {\"id\":564,\"sizeSlug\":\"large\"} --><\/p>\n<figure class=\"wp-block-image size-large\"><\/figure>\n<p><!-- \/wp:image --><!-- wp:paragraph --><\/p>\n<p>\u00a0<\/p>\n<p><!-- \/wp:paragraph --><\/p>\t\t\t\t\t<\/div>\n\t\t\t\t\t\t<\/div>\n\t\t\t\t<\/div>\n\t\t\t\t\t\t<\/div>\n\t\t\t\t\t<\/div>\n\t\t<\/div>\n\t\t\t\t\t\t\t\t<\/div>\n\t\t\t\t\t<\/div>\n\t\t<\/section>\n\t\t\t\t\t\t\t\t\t<\/div>\n\t\t\t<\/div>\n\t\t\t\t\t<\/div>\n\t\t","protected":false},"excerpt":{"rendered":"<p>Asmenys (fiziniai, arba juridiniai) gali teikti rinkai medicinos priemones tik jas \u012fregistrav\u0119 pagal Teikiam\u0173 rinkai medicinos priemoni\u0173 (prietais\u0173), registravimo tvarkos apra\u0161\u0105, patv. Valstybin\u0117s akreditavimo tarnybos sveikatos prie\u017ei\u016bros veiklai pie Sveikatos ministerijos (VASPVT) direktoriaus 2016 m. baland\u017eio 13 d. \u012fsakymu Nr. T1-568 (nauja redakcija)\u00a0 ir gav\u0119 ra\u0161ti\u0161k\u0105 VASPVT patvirtinim\u0105 d\u0117l \u0161i\u0173 medicinos priemoni\u0173 \u012fregistravimo ir registracijos &hellip;<\/p>\n<p class=\"read-more\"> <a class=\"\" href=\"https:\/\/verslopagreitis.lt\/?page_id=563\"> <span class=\"screen-reader-text\">\u00a0Gaminam\u0173 medicinos prietais\u0173 (dant\u0173 protez\u0173) registravimas<\/span> Read More &raquo;<\/a><\/p>\n","protected":false},"author":1,"featured_media":0,"parent":0,"menu_order":0,"comment_status":"closed","ping_status":"closed","template":"","meta":{"site-sidebar-layout":"no-sidebar","site-content-layout":"default","ast-global-header-display":"","ast-main-header-display":"","ast-hfb-above-header-display":"","ast-hfb-below-header-display":"","ast-hfb-mobile-header-display":"","site-post-title":"","ast-breadcrumbs-content":"","ast-featured-img":"","footer-sml-layout":"","theme-transparent-header-meta":"default","adv-header-id-meta":"","stick-header-meta":"","header-above-stick-meta":"","header-main-stick-meta":"","header-below-stick-meta":""},"_links":{"self":[{"href":"https:\/\/verslopagreitis.lt\/index.php?rest_route=\/wp\/v2\/pages\/563"}],"collection":[{"href":"https:\/\/verslopagreitis.lt\/index.php?rest_route=\/wp\/v2\/pages"}],"about":[{"href":"https:\/\/verslopagreitis.lt\/index.php?rest_route=\/wp\/v2\/types\/page"}],"author":[{"embeddable":true,"href":"https:\/\/verslopagreitis.lt\/index.php?rest_route=\/wp\/v2\/users\/1"}],"replies":[{"embeddable":true,"href":"https:\/\/verslopagreitis.lt\/index.php?rest_route=%2Fwp%2Fv2%2Fcomments&post=563"}],"version-history":[{"count":6,"href":"https:\/\/verslopagreitis.lt\/index.php?rest_route=\/wp\/v2\/pages\/563\/revisions"}],"predecessor-version":[{"id":863,"href":"https:\/\/verslopagreitis.lt\/index.php?rest_route=\/wp\/v2\/pages\/563\/revisions\/863"}],"wp:attachment":[{"href":"https:\/\/verslopagreitis.lt\/index.php?rest_route=%2Fwp%2Fv2%2Fmedia&parent=563"}],"curies":[{"name":"wp","href":"https:\/\/api.w.org\/{rel}","templated":true}]}}